14
Let k = 32 + -15. Calculate the remainder when k is divided by 9.
8
Calculate the remainder when (24/(-40))/(2/(-370)) is divided by 8.
7
Suppose -5*g - 15 = -4*u - 93, -4*u = -4*g + 60. Let i = 34 + 0. What is the remainder when i is divided by g?
16
Calculate the remainder when (2 - (-63)/3)*1 is divided by ((-2)/(-2) + -3)*-4.
7
Let p(d) = 6*d**2 - 2*d - 2. Let s = -12 - -16. Suppose -23 = -5*c + 2*o, 29 = s*c + c + 4*o. What is the remainder when p(2) is divided by c?
3
Suppose 0*m = -3*m - 15. Let x = m - -5. Suppose x = -5*l + 40. What is the remainder when 23 is divided by l?
7
Let f be (33/9 - 1)*12. Suppose 2*z - 3*z + f = 0. Suppose 3*a + a = z. Calculate the remainder when 22 is divided by a.
6
Suppose 0 = -49*r + 54*r - 10. Calculate the remainder when 5 is divided by r.
1
Let y be 3 - (6/(-3) + 2). Suppose -y*k + 51 = 5*w, 10 = -3*w + 1. Calculate the remainder when 86 is divided by k.
20
Let b(s) = 8*s**3 - 2*s**2 - 2*s. Let n = -4 - -6. Let m be b(n). Let x = m + -33. Calculate the remainder when 37 is divided by x.
18
Let d be (5 + 85)*4/10. Suppose -d = -5*f + 74. What is the remainder when 43 is divided by f?
21
Suppose 18 = 7*x - 38. What is the remainder when 18 is divided by x?
2
Suppose 0 = -q - 3*u + 6 + 12, 2*u - 25 = -5*q. Suppose -19 - 98 = -q*s. What is the remainder when s is divided by 10?
9
Let n(a) = a - 1. Let i be n(6). Suppose -q + 13 - i = 0. Calculate the remainder when 14 is divided by q.
6
Suppose -13 = 3*o - 4*b, 0 = 4*o + 2*b + 2*b + 8. What is the remainder when 40*((-4)/5)/(-1) is divided by (2 + o)/((-1)/17)?
15
Let s = 60 - 47. Calculate the remainder when 48 is divided by s.
9
Let u(y) = 4*y**2 + 4*y. Calculate the remainder when u(-4) is divided by 25.
23
Let h = -143 + 210. Calculate the remainder when h is divided by 34.
33
Let v(l) be the third derivative of l**6/120 - 2*l**5/15 + l**4/3 + 5*l**3/3 + 2*l**2. What is the remainder when v(7) is divided by 6?
5
Let c(r) = r**2 + r. Let g(s) be the second derivative of s**4/12 + 2*s**3/3 - s**2/2 + 2*s. Calculate the remainder when c(2) is divided by g(-5).
2
Suppose -103 = -3*x - 22. What is the remainder when 104 is divided by x?
23
Let b(a) = 2*a**2 + 4*a - 4. Let r = 3 + -7. What is the remainder when 23 is divided by b(r)?
11
Let k = -43 - -52. Calculate the remainder when k is divided by 3.
0
Suppose -2*x - 48 = -4*p, x - 2 = 2. Suppose -2*s - 2 = -p. Let d = 32 - s. What is the remainder when d is divided by 9?
8
Let b(a) = 2*a**2 - 7*a + 6. What is the remainder when 81 is divided by b(5)?
18
Suppose 4*q - 6*q = -20. Suppose 5*i - 240 - q = 0. Calculate the remainder when i is divided by 13.
11
Suppose 5*f + 91 = 12*f. Calculate the remainder when 24 is divided by f.
11
Let j(x) = -x**3 - 7*x**2 - 9*x - 4. Let i be j(-6). Suppose 0 = f + i - 37. Calculate the remainder when f is divided by (16/10)/(7/35).
7
Let q(h) = h**3 - 3*h**2 - 6*h + 3. Suppose 41 = 3*f - 5*s, 14 = 3*f - 3*s - 25. What is the remainder when q(5) is divided by f?
11
Suppose 2*o - 4*o = -20. Suppose 4*d - 3*s = 3*d - 9, -16 = -4*d - s. Suppose -d*f + o = -2*f. Calculate the remainder when 19 is divided by f.
9
Let j(d) = 10*d**2 - d + 1. What is the remainder when 39 is divided by j(1)?
9
Suppose 2*q + 123 - 157 = 0. Calculate the remainder when 49 is divided by q.
15
Let s be 15/10 + 554/4. Suppose -g + s = 3*g. Calculate the remainder when g is divided by 12.
11
Let f(m) = -m**2 + 6*m + 2. Suppose 0 = -5*o, 15 = 2*v + v + 3*o. What is the remainder when 17 + -2 + (18/(-3))/2 is divided by f(v)?
5
Let a be 3 + (3 - 1 - 3). Suppose 2*x - z - 2 - 84 = 0, -a*z - 129 = -3*x. Calculate the remainder when x is divided by 15.
13
Let x = -157 - -176. Suppose -3*h + 7*h = 148. Calculate the remainder when h is divided by x.
18
Calculate the remainder when 58 is divided by -3 + ((-15)/10)/(6/(-136)).
27
Calculate the remainder when 14/7 - (-12 + 2) is divided by 10.
2
Suppose 2*j + 6 = 48. What is the remainder when j is divided by 6?
3
Suppose 0 = 4*s - 0 - 8. Suppose -s*q = -14 + 2. Let h = 5 + q. Calculate the remainder when h is divided by 6.
5
Let l = 1 - -1. Let q = 18 - 9. Suppose 5*y - 3*h - 22 = 0, 3 = 2*y + 2*h - q. What is the remainder when y is divided by l?
1
Let q(c) be the first derivative of -c**3/3 + 9*c**2/2 + 5*c + 2. What is the remainder when 36 is divided by q(8)?
10
Let m(u) = -u**3 - u**2 + 1. Let v(s) = s**3 + 8*s**2 - 5*s + 1. Let a(d) = 2*m(d) + v(d). Calculate the remainder when 3 is divided by a(5).
0
Suppose -4*u + 0 - 12 = 0. Calculate the remainder when -2*((-516)/(-8))/u is divided by 11.
10
Calculate the remainder when 13 is divided by (-36)/(-10) + 10/25.
1
Let p(n) = n**2 + 3*n - 7. Let k be p(-5). Suppose 3*q = 3*c - 0*c + 15, k = -q + 5*c. What is the remainder when q is divided by 4?
3
Let i(m) = 2*m + 2. Let u be i(-6). Let k = 24 + u. Calculate the remainder when k is divided by 5.
4
Suppose 4 = 2*g + 6*b - b, 0 = g - 4*b + 11. Let u be (2 + 10)*g/(-3). Let o(f) = 2*f - 10. Calculate the remainder when 40 is divided by o(u).
12
Suppose -4*f - 2 = -14. Let g = f - -1. Let n = g - 3. What is the remainder when 2 is divided by n?
0
Let p be (7 - 5)*(1 + 1). Suppose 5*k - p*r = 13, 2*k - 14 = -2*k + 2*r. What is the remainder when 9 is divided by k?
4
Suppose -k - 2 = -2*k. Suppose 3 = 3*b - 2*o - 2, o = k*b - 4. Suppose -b*d - 1 + 70 = 0. What is the remainder when d is divided by 8?
7
Let b be ((-18)/(-15))/((-3)/15). Calculate the remainder when b*21/(-6)*1 is divided by 12.
9
Suppose -2*s = -4*m + 22, 7*m = 2*m - 3*s + 11. What is the remainder when 10 is divided by m?
2
Let i(l) = -l**3 + 9*l**2 - 9*l + 26. Calculate the remainder when 102 is divided by i(8).
12
Suppose -y + 7 = 5*l, 3*y = 4*l + l + 1. Let t be (2*3)/y + -1. Let v = 4 - t. Calculate the remainder when v is divided by 1.
0
Suppose -5*s + u + 24 = 0, 4*s + s + 4*u = 29. Suppose -97 = -2*p + 5*a, -3*p - 96 = -s*p + 4*a. What is the remainder when p is divided by 24?
22
What is the remainder when 3*(4 + 34/6) is divided by 11?
7
Let w(x) = 4*x**2 + 2*x + 1. Let c be w(-2). Let t be (8 - c) + (-1 - -3). What is the remainder when 1*t*(-46)/6 is divided by 8?
7
Let c = -176 + 375. What is the remainder when c is divided by 67?
65
What is the remainder when 1 + 3 + 35 - 1 is divided by 13?
12
Suppose 0 = -2*u - 5*s + 301, 149 - 15 = u - 3*s. Suppose -3*m - y = -117 - u, -2*y - 415 = -5*m. Calculate the remainder when m is divided by 29.
27
Let y = -4 - -11. Suppose 2*u + y*w - 128 = 3*w, 4*u - 3*w - 234 = 0. Calculate the remainder when u is divided by 21.
18
Suppose -2 = -4*b - 5*d, 3*b + 5*d - 5 + 1 = 0. Suppose 4*w = -4, 0 = -4*v - 0*w - w + 39. What is the remainder when b/4*(-39 - -1) is divided by v?
9
Let p be 3/3 + -1 + -3. What is the remainder when 5 + -2 + p + 13 is divided by 5?
3
Suppose 2*b - 4*b = -m - 10, 3*m + 5*b = -85. Let t = -8 - m. Calculate the remainder when 35 is divided by t.
11
Let x = -15 + 39. Let r = -5 + x. Calculate the remainder when 55 is divided by r.
17
Let p(x) = 1 + 0*x**2 + x**2 + 2 - 2*x**2 + 7*x. Calculate the remainder when p(6) is divided by 5.
4
Suppose 2*w - 16 = -5*t + 3, 0 = 2*w + 6. Let b = 1 - -29. Suppose -o = 5*s - b, 13 = t*o - 12. Calculate the remainder when s is divided by 3.
2
Let r be 86/18 + 4/18. Let n = r + 1. Calculate the remainder when 17 is divided by n.
5
Suppose 4*i - 18 = i. Suppose -2*c - 10 - 2 = 0. Let h = c + 16. Calculate the remainder when h is divided by i.
4
Calculate the remainder when 40 is divided by (15/(600/(-112)))/(2/(-10)).
12
Suppose -c = 2*c - 6. Suppose 3 = c*k + 1, 4*k = -2*h + 96. Let t = -131 + 147. What is the remainder when h is divided by t?
14
Suppose -4*x + 41 + 59 = 0. Suppose -3*a + 7*a = 16. Suppose 5*s - 11 = -h + 34, -a*h = 0. Calculate the remainder when x is divided by s.
7
Let m(p) = -p**2 - 3*p + 2. Let d be m(-3). Suppose 0 = -d*i + 10 - 2. What is the remainder when 10 is divided by i?
2
Let k = 6 + 15. Calculate the remainder when 53 is divided by k.
11
Let w(h) = 2*h**2 + 5*h + 4. Let c be (2/2 - 0)*-3. What is the remainder when 19 is divided by w(c)?
5
Suppose -2*x = v - 1 - 10, -x = -4*v - 19. What is the remainder when 1*2 - (-22 - -12) is divided by x?
5
Let g